e the first derivative of t**2 - 4*t + 21. What is k(3)?
2
Suppose -2*l + 3*l = 4*m - 15, 4*m = -2*l + 18. Let z(v) be the first derivative of 4/3*v**3 + 1/4*v**4 + 2*v**2 + l + v. Calculate z(-3).
-2
Let t(n) be the first derivative of n**3/3 + 5*n**2/2 + 3. Suppose -5*d + d - 20 = 0. What is t(d)?
0
Let s = -6 + 2. Let z(k) = k**2 - 4*k - 2. Let h be z(5). Let p(y) = -2*y**2 + 1 + 6*y**2 - 4*y**3 - 7*y**2 + 4*y + 3*y**h. Give p(s).
1
Let m(v) = 3*v**2 - v**3 + 2*v + 7 + 0*v**3 + v**2. Let r(k) = -2*k - 3. Suppose -32 = 7*f - 2*f - 4*o, -3*o + 29 = -5*f. Let t be r(f). Calculate m(t).
-8
Let f = 6 + -9. Let n(t) = t**2 + 3*t - 4. Determine n(f).
-4
Let h(z) = z**3 - 8*z**2 + 2*z - 4. Let k(y) = -y**3 + 9*y**2 - 3*y + 5. Let d(a) = 4*h(a) + 3*k(a). Suppose 6 = t + 1. What is d(t)?
-6
Let t(w) = w. Suppose 2*b - 52 = 5*c - 14, -3*b = -2*c - 24. Determine t(c).
-6
Let p(g) = -g - 13. Let i(m) = -m**3 + 2*m**2 + 3*m + 3. Let a be i(3). Let d(n) = -n + 3. Let h be d(a). Determine p(h).
-13
Let c(b) = b**3 + b**2 - b + 4. Let j be c(0). Let x be -2*(2/j - -1). Let m(a) be the first derivative of a**4/4 + a**3 + a**2 - 3*a - 1. What is m(x)?
-9
Let o(z) be the second derivative of z**4/12 + 2*z**3/3 - 2*z**2 - 42*z. Determine o(-5).
1
Let s(t) = -t - 8 - t + 2*t + 4*t. What is s(6)?
16
Suppose 3*d = 6*d - s - 14, 0 = 5*s + 25. Let r(f) = -1 - f**2 + 0*f**2 + 2*f + 4 - 2. Determine r(d).
-2
Let w(f) = 7*f**3 - 7*f**2 - 7*f - 2. Let y(v) = -10*v**3 + 10*v**2 + 10*v + 3. Suppose -h = 3*h + 28. Let c(s) = h*w(s) - 5*y(s). Calculate c(2).
1
Let l(t) = 9*t - 1. Suppose -2*n - 10 = w + w, 0 = -3*n - 12. Let c be ((-2)/2)/(w/(-1)). Give l(c).
-10
Let j(b) = -b**2 + b - 3. Let t(h) = h**2 - h + 4. Suppose 0 = -3*k - 0*k + 3, 0 = -a - 5*k. Let n be a*(-2)/(-4)*-2. Let x(s) = n*t(s) + 6*j(s). What is x(-2)?
-4
Suppose 4*p + p = 15. Let a(b) = b**2 - 7*b + 4. Give a(p).
-8
Let b(z) = 7*z + 8*z - 16*z - 1. Give b(-4).
3
Suppose 9 = 10*d - 21. Let m(t) be the first derivative of -t**4/4 + t**3/3 + 3*t**2/2 - 2. Give m(d).
-9
Let k be (1/1)/(0 - -1). Let v(j) = 3*j**3 - j**2 - 2*j - 4. Let d(x) = 6*x**3 - 2*x**2 - 3*x - 7. Let h(u) = 3*d(u) - 5*v(u). Give h(k).
2
Let b(d) = -d - 1. Let p be 4 + 6 - (-1 - 3). Let r be (-1)/(p/(-4) + 4). Calculate b(r).
1
Suppose 0 = -5*v + v + 3*r + 10, 4*r = -3*v - 5. Let l(b) = -4*b + 1. Give l(v).
-3
Let k(y) = -42*y + 8. Let a(w) = -14*w + 3. Let b(g) = -11*a(g) + 4*k(g). Give b(-1).
13
Let t(p) = -p**3 + 6*p**2 + p - 2. Let x be t(6). Let d(o) = -x + 4 + o. Give d(5).
5
Let g = 3 - 0. Let s be -3*(5/(-3) + g). Let p(v) = -v**2 - 5*v - 3. Let n be p(s). Let q(z) = 3*z + 1. Give q(n).
4
Suppose -t - 8 = -3*o, -3*t - 13 = -3*o - 1. Let u(f) = f**3 - 4*f**2 + 2*f + 1. Determine u(o).
-3
Let y = 12 - 10. Let a(n) = -2*n**3 + 2*n**2 - 3*n. Determine a(y).
-14
Suppose 4*o = o + 42. Let z = -17 + o. Let v(n) = -n**3 - 3*n**2 - n + 3. What is v(z)?
6
Let m(i) = 8*i + 19. Let f(a) = 10*a + 9. Let z(v) = -9*v - 9. Let t(o) = -5*f(o) - 6*z(o). Let b = -38 + 25. Let n(u) = b*t(u) + 6*m(u). Determine n(-2).
5
Let i(g) = 2*g + 8. Suppose 33 = -2*k + 21. Give i(k).
-4
Let g(j) = j**3 - 5*j**2 - 3*j + 7. Let k(n) = n**3 - 5*n**2 + 5*n - 6. Let f be k(4). Let h be f/(34/(-10) + 3). Determine g(h).
-8
Let p(v) = -v - 5. Let d be (2/(-2))/(7/(-126)). Let s be 76/d - 16/72. Give p(s).
-9
Let u(r) = 2*r - 4. Let n be u(3). Let i(m) be the third derivative of 0*m - m**2 + 0 - 1/2*m**3 + 1/24*m**4. What is i(n)?
-1
Let r(a) be the first derivative of a**4/4 + 3*a**3 + 4*a**2 + 12*a + 19. What is r(-8)?
12
Let m(k) be the first derivative of k**3/3 + 5*k**2/2 - k - 4. What is m(-4)?
-5
Let d(l) = -l**3 + l - 45*l**2 - 3 + 2 - 1 + 42*l**2. Suppose 0*o = -3*o - 12. Calculate d(o).
10
Let u(v) be the second derivative of -v**5/20 + v**4/6 + v**3/6 - v**2 + 17*v. What is u(2)?
0
Let q(h) be the first derivative of -h**4/4 + 3*h**3 - 9*h**2/2 + 12*h - 23. Determine q(8).
4
Suppose 12 = -2*d + 5*d. Suppose 5*g + 5*s + 14 = -11, 5*g + 16 = d*s. Let l(n) = n - 2. Determine l(g).
-6
Let i(n) = -2*n. Let y be i(2). Let a be (-30)/4*(-6)/(-9). Let m(k) = -5*k - 2. Let d(h) = -6*h - 3. Let w(r) = a*m(r) + 4*d(r). Calculate w(y).
-6
Let c(x) be the first derivative of -x**3/3 + 4*x**2 - 5*x - 14. What is c(7)?
2
Let y(f) = -f**2 + 9*f - 2. Let r = -15 + 19. Calculate y(r).
18
Let y = 8 + -6. Suppose 0*h = y*h + 10. Let l(s) be the first derivative of -s**4/4 - 2*s**3 - 3*s**2 - s + 1. Determine l(h).
4
Let y be (1/(-2))/(2/(-16)). Let t(v) = -4*v + 5. Let n(s) = -s + 4 + 0*s - 3. Let b(z) = 5*n(z) - t(z). Calculate b(y).
-4
Let l(n) = 3*n**3 - 3*n**2 - n - 8. Let a(w) = -4*w**3 + 4*w**2 + w + 8. Let q(f) = -2*a(f) - 3*l(f). Let v = -3 + 3. Give q(v).
8
Let n(g) = 4*g**3 + 4*g**2 + g - 4. Let o(m) be the first derivative of -9*m**4/4 - 8*m**3/3 - 3*m**2/2 + 8*m - 5. Let t(j) = -7*n(j) - 3*o(j). Calculate t(-4).
-4
Let t(s) = -2*s + 9. Let w(b) = -b. Let q(y) = t(y) - w(y). What is q(4)?
5
Let u(d) = 2*d - 1. Let h be u(2). Let r(w) = -w**2 - w + 4*w**2 + 5*w + 1 - w**h. Let s be (1 - 0) + 1 - -2. Determine r(s).
1
Let s = -6 + 2. Let l(a) = a**3 + 4*a**2 - a - 3. What is l(s)?
1
Let s(y) = y**3 + 4*y**2 + y + 6. Let d be (-2)/(-4) + -2 + (-140)/40. Give s(d).
-24
Let c(k) = k**3 - 3*k**2 + 2*k - 4. Let u be c(3). Let l(m) = -4*m + 1. Let o(i) = 3*i - 1. Let r(a) = 5*l(a) + 4*o(a). Determine r(u).
-15
Let l(u) = u**2 - 5*u - 9. Suppose 23 = h - 5*y, -h + 3*y + 9 = -8. Give l(h).
15
Let b(q) be the third derivative of 0*q - 5*q**2 - 1/30*q**5 + 1/8*q**4 + 0 - 1/120*q**6 - 2/3*q**3. What is b(-3)?
-4
Let u(s) be the first derivative of s**4/12 + s**3/2 - s**2/2 - 1. Let t(g) be the second derivative of u(g). What is t(-2)?
-1
Suppose -5*n + 20 = -0*n. Suppose -3*o - 10 = -u - n*o, -50 = -4*u - 2*o. Suppose 2*k = 5*k + u. Let d(y) = -y. What is d(k)?
5
Let x(p) = -p + 4 + 7*p - 5*p. Calculate x(-6).
-2
Let r(k) be the third derivative of -k**7/840 + k**5/60 - k**4/24 + k**3/2 + k**2. Let j(h) be the first derivative of r(h). Give j(1).
0
Suppose -14 + 4 = x. Let n = x - -14. Let g(y) = y**2 - 1 + 2*y + y**3 - n*y**2 - 1. What is g(3)?
4
Let a = -1 - -3. Let s = a + -1. Suppose -3*g - s = -4*g. Let l(v) = 2*v - 1. Determine l(g).
1
Let d be 8/12 - 4/6. Suppose -5*k - 10 = d, -2*k + 3*k = -4*s - 2. Let y(u) = -u**2 - u + 6. Give y(s).
6
Let p(s) = s - 5. Suppose 5*r = a - 27, a - 2*a + 3 = -r. Calculate p(r).
-11
Let h(k) = -k**3 - 12*k**2 - 13*k - 1. Let b(r) = r**2 + r + 1. Let q(w) = 3*b(w) + h(w). Calculate q(-8).
18
Let g(r) = r**2 - 7*r. Let a(v) = -v**2 + 8*v. Let n(f) = 3*a(f) + 4*g(f). Give n(-3).
21
Let p(t) be the first derivative of t**2/2 + 10*t + 30. Determine p(-5).
5
Let o(g) be the first derivative of 3*g - 6 + 1/2*g**2. Give o(-5).
-2
Let u(y) be the second derivative of -y**3 + y. Let q(t) = -t + 6. Let z be q(7). Determine u(z).
6
Let d(m) = 2*m - 4*m + 3*m + 15*m**2. Calculate d(-1).
14
Suppose -3*y + 9 = 3*q, -3*y + 2 + 4 = 0. Let z = q - 0. Let j(v) = -9*v + 1. Give j(z).
-8
Let p(m) = -3*m**2 - 22*m - 2 + m + m**3 + 10*m + 8*m. Calculate p(3).
-11
Let d(o) = o - 5. Let l(p) = p**3 - 10*p**2 + 8*p + 7. Let v be l(9). Let z be ((-2)/v)/(1/(-5)). Give d(z).
-10
Let g(b) = -b**3 + 7*b**2 - 4*b - 4. Suppose 3*n - 10 = 8. What is g(n)?
8
Let g(z) be the first derivative of -z**4/4 + 8*z**3/3 - 7*z**2/2 - 2*z + 19. Determine g(7).
-2
Let p(t) = 3*t + 1. Let v = -22 - -16. Let a be 9/v*8/4. Determine p(a).
-8
Let u(i) = -7*i + i**2 + 9 - 8 + 9*i - 8. Calculate u(-5).
8
Let k = 1 + 0. Suppose -4*a = 19 + k. Let j(r) = r**2 + 4*r - 2. Let d be j(a). Let u(c) = -c**3 + 4*c**2 - 2*c + 1. What is u(d)?
4
Let m(z) = 5*z - 40. Let a be m(8). Let r(n) be the third derivative of 1/8*n**4 - 2*n**2 + 0 + 1/30*n**5 + 1/3*n**3 + a*n. Give r(-2).
4
Let i(j) = -3*j**3 + 3*j**2 - 2*j + 3. Let a = -13 + 9. Let u(f) = 4*f**3 - 3*f**2 + 3*f - 3. Let p(t) = a*u(t) - 5*i(t). Let w = -2 + 0. Determine p(w).
-3
Let q(a) = -4*a**2 + 2*a**2 + 3*a + a. Suppose 4*c + 14 + 4 = -2*f, -4*f - 5*c = 24. Let r be (1/(-2) + f)*-2. Determine q(r).
-6
Let p(n) = -n - 1. Let a(x) = 2*x - 1. Let d be a(-3). Calculate p(d).
6
Let t = -7 - -12. Let r(m) = 16*m**3 - 31*m**2 - 46*m - 1. Let 